 when 430 is divided by 1/(6/(-27) - 426/(-1674))?
27
Let d(x) = -x**2 - x + 1. Let y(g) = -g**3 + 16*g**2 - 16*g + 15. Let i be y(15). Calculate the remainder when 1 is divided by d(i).
0
Let x = -35 - -26. Calculate the remainder when 27 is divided by 1 - x - (1 - -3).
3
Let n = 88 + -26. Let a be (-32)/(4/3 + -2). Suppose 2*k - 4*t = -0*k + a, 0 = -3*t - 12. Calculate the remainder when n is divided by k.
14
Suppose y + 1 = 0, 0 = -5*f + 2*y + 2*y + 24. Suppose -4 = -v + 5*m, 0*v - f*m = 4*v - 136. Let o = v - 23. Calculate the remainder when o is divided by 4.
2
Let u(w) = 35*w**2 + 2*w + 1. Let c be u(-1). Suppose -5*z + l = -2*z + c, 2 = z - 3*l. Let d = 32 + z. What is the remainder when d is divided by 10?
9
Suppose 2*h = -a + 28, -3*a = 3*h - 6*h + 24. Calculate the remainder when 41 is divided by h.
5
Suppose 49*i = 160*i - 1443. Calculate the remainder when 79 is divided by i.
1
Suppose -5*l - a = -1467, 0 = 2*l - 5*l - a + 879. What is the remainder when l is divided by 37?
35
Let n(g) = g**2 - 3*g - 16. Let b be n(5). Let u(t) = 2*t**2 + 8*t + 2. What is the remainder when u(b) is divided by 7?
5
Let b = 53 + -33. Suppose 0 = w, -2*w = -2*c - w + b. Calculate the remainder when 38 is divided by c.
8
Let t(w) = -49*w + 99*w - 12 - 49*w. Let b be t(6). Calculate the remainder when 21 is divided by (-35)/b + (-6)/(-36).
3
Suppose -5*g + 545 = 3*a - 0*g, -4*a + 780 = -4*g. What is the remainder when a is divided by 16?
14
Let x(i) = 66*i + 479. What is the remainder when 71 is divided by x(-7)?
3
Let i be 74/(-4) + 6/12. Let h = i - -50. Suppose 4*j = -w + j + 44, j + h = w. Calculate the remainder when w is divided by 9.
8
Let n = -92 - -157. Let a(v) = -48*v - 3. Let i be a(4). Calculate the remainder when n is divided by (-1)/(i/(-66) - 3).
21
Let s(o) = -o - 6. Let d be s(-4). Calculate the remainder when 12 is divided by (-6)/d*1*(-24)/(-18).
0
Let b(w) = -w + 8. Let k be b(5). Suppose -45 = -k*q + 18. What is the remainder when q is divided by 8?
5
Suppose 0 = x - 16 - 174. Let j = x - 135. Calculate the remainder when j is divided by 19.
17
Let s = -92 + 129. Calculate the remainder when 128 is divided by s.
17
Suppose 2*r = -5*v + 172, 0*v - v - 2*r + 36 = 0. Calculate the remainder when 57 is divided by v.
23
Suppose -24 = 2*r - 4. Let s = r - -22. Suppose -66 = -30*u + 27*u. What is the remainder when u is divided by s?
10
Let s(g) = g + 1. Let h(c) = -7*c - 4. Let z(r) = -2*h(r) - 10*s(r). What is the remainder when z(4) is divided by 20/(-35) + 32/7?
2
Suppose 15*m - 1226 - 7729 = 0. Calculate the remainder when m is divided by 15.
12
Let d be 0*5/(-1 - 4). Suppose d = -4*g + 96 - 20. What is the remainder when 35 is divided by g?
16
Let f = 1569 - 1500. What is the remainder when f is divided by 57?
12
Suppose -4*x = -z - 46, -5*x + 65 = -93*z + 88*z. What is the remainder when 340 is divided by x?
10
Let q = -944 + 1018. Calculate the remainder when 214 is divided by q.
66
Suppose -3*c - 5*d = -2 - 69, 5*c - 150 = -2*d. Suppose -23 - c = -5*v. Calculate the remainder when 96 is divided by v.
8
Suppose -399 = -n - 2*b, -3*b - 119 = -n + 305. Calculate the remainder when n is divided by 10.
9
Suppose 16 = 6*a - 4*a. Calculate the remainder when 54 is divided by a.
6
Suppose 3*m - 2*s - 33 = 0, 5*s - 12 = -3*m - 0*m. Let n = 22 - m. Calculate the remainder when 25 is divided by n.
12
Let k = -264 - -378. Suppose 0*a + 2*a = k. Let q = 51 - 31. What is the remainder when a is divided by q?
17
Suppose 4*t - 3*y - 128 = 55, -5*t + 237 = -y. Let k(a) = -2*a**2 - 20*a + 479. Calculate the remainder when t is divided by k(-21).
14
Let u = -37 - -31. Calculate the remainder when (-45)/u*(-36)/(-10) is divided by 15.
12
Suppose 24*t - 104 = 160. What is the remainder when 4 + (0 - (-7 + -4)) is divided by t?
4
Let j(h) = 7*h - 9. Suppose 41 = -3*v + 125. Calculate the remainder when j(9) is divided by v.
26
Let t(o) = o**3 - 4*o**2 - 7*o + 4. Let u be t(5). Let p(g) = -g - 12. Let b be p(u). What is the remainder when -249*(-1 - 4/b) is divided by 17?
15
Let c(l) = 2*l + 25. Let g(w) = -3*w - 20. Let y be g(-4). Calculate the remainder when 15 is divided by c(y).
6
Suppose -2*x + 203 = m, -340 - 168 = -5*x - 2*m. Calculate the remainder when x is divided by 31.
9
Let y(q) = 2*q - 6*q + 2 + 6*q + 9*q**2. Calculate the remainder when 2/(2 - (-46)/(-24)) is divided by y(-1).
6
Let f(x) = 9*x**3 + 6*x**2 - 5*x + 3. Calculate the remainder when f(4) is divided by 7.
4
Suppose -2*i = -3*i + 3*r + 101, -4*r = 8. Calculate the remainder when i is divided by 32.
31
Let n be (-4 + 3)*-5 - 0. Suppose 9 + 21 = n*f. Suppose -14*p + 513 = 5*p. What is the remainder when p is divided by f?
3
Let j = 6 - -13. Let c = -5 + 9. Suppose -4*u = b - 2*b + 25, -c*u + 49 = b. What is the remainder when b is divided by j?
18
Let j = 25 + -24. Suppose -j = -b + 13. Suppose 5*p - b = -3*l + 27, p - 2*l = 16. Calculate the remainder when 28 is divided by p.
8
Let r = -196 + 328. Suppose 133*k - r*k = 28. What is the remainder when 165 is divided by k?
25
Suppose -13*n = 728 - 3068. Suppose 3*x = z + n, 2*x - 3*z - 240 = -2*x. What is the remainder when 116 is divided by x?
56
Suppose 0 = 2*s - 5*v - 74, -3*s + 2*v = 3*v - 77. Calculate the remainder when 105 is divided by s.
24
Suppose 70 = 3*j + 7. Calculate the remainder when 146 is divided by j.
20
Let v be (3 - 3 - 36)/(3/(-6)). Let b = 147 - v. What is the remainder when b is divided by 26?
23
Suppose -4*i + 3*i = -5. Suppose -2*m - 87 = -5*p - 0*m, 0 = -i*p + 3*m + 83. Calculate the remainder when 111 is divided by p.
16
Suppose -196 = -8*c + c. Suppose 2*g = 6*g + 2*j - 40, 2*g - c = 3*j. What is the remainder when 42 is divided by g?
9
Suppose 5*j = 4*n - 1542, -4*n - 2*j + j = -1530. Calculate the remainder when n is divided by 24.
23
Let g = -2 - -7. Suppose f = g*r - 38, -f + 10 = r - 0*r. Let u = 65 - 50. What is the remainder when u is divided by r?
7
Let q = 342 - 183. Suppose -5*t + 151 = -2*h, -5*t + h - 3*h = -q. Calculate the remainder when 58 is divided by t.
27
Suppose 13*h = 14*h - 12. What is the remainder when 359 is divided by h?
11
Calculate the remainder when 515 is divided by (-324)/(-2) - (-9 + (-8)/(-2)).
14
Suppose -p + 944 = 4*b + 148, -3*b + 597 = 3*p. What is the remainder when b is divided by 70?
59
Suppose -776 + 259 = -11*g. Calculate the remainder when 279 is divided by g.
44
Let h = 8411 + -8400. Suppose 2*o - 578 = -4*q + 7*o, 0 = q - 2*o - 146. What is the remainder when q is divided by h?
10
Suppose 0 = -5*c - 5*f - 20, -c = c + 4*f + 18. Let m = c + 23. Calculate the remainder when m is divided by 7.
3
Suppose 0 = -3*c - 3*x - 2*x + 53, 5*c + 4*x - 84 = 0. What is the remainder when ((-10)/25)/(9/(-105))*6 is divided by c?
12
Let b = -11 - -4. Suppose g + 3*z - 27 = 0, -10 = -3*z - 19. What is the remainder when 70 is divided by g/(b/(35/(-10)))?
16
Let s = -647 + 675. What is the remainder when s is divided by 11?
6
Let f(b) = 132*b - 25. Calculate the remainder when f(2) is divided by 30.
29
Suppose -97*g + 111*g = 2450. Calculate the remainder when g is divided by 59.
57
Let u = 395 + -31. What is the remainder when u is divided by 62?
54
Let j be (-4)/(3/(-1 - 2)). Suppose 10 = -d - d, -d - 113 = -j*r. Suppose -4*n + 36 = -3*s, 3*n + 0*n + 2*s = r. What is the remainder when 35 is divided by n?
8
Let z = 102 - 100. Suppose s - 633 = -4*i, -i - i + z*s = -304. Calculate the remainder when i is divided by 32.
29
Calculate the remainder when 21240/156 + -1 + (-33)/(-39) is divided by 21.
10
Suppose 0*l - 9*l = -36. Suppose -2*o - l = -a - 42, 0 = o - 5*a - 1. What is the remainder when o is divided by 8?
5
Suppose 1339*k = 1350*k - 682. Suppose -2*p = -13 + 5. Suppose -82 = -p*x + 2*c - 4*c, 2*c = -5*x + 104. Calculate the remainder when k is divided by x.
18
Let a be 3/3*20/5. Suppose 2*k + 31 = 5*l, a*k = l - 18 + 1. Calculate the remainder when l*5/(20/76) is divided by 24.
23
Let l = -17 - 12. Let t = 82 + l. What is the remainder when t is divided by 9?
8
Suppose 3*k + 22 = -4*h, 5*k - 3*h + 40 = 13. Let c be k/4*(-20)/6. Suppose 40 = -3*a + c*a. Calculate the remainder when a is divided by 7.
6
Let b(n) = 2*n**2 + 0*n - 6*n**2 + 5*n + n**3 - 4. Let h be b(